se
Is 91 a factor of 199381?
True
Does 24 divide 2885328?
True
Does 342 divide 19808298?
True
Is 4072244 a multiple of 33?
False
Is 256245 a multiple of 11?
True
Is 68 a factor of 2964732?
True
Is 17 a factor of 2206806?
False
Is 49 a factor of 309778?
True
Is 1436969 a multiple of 539?
False
Does 18 divide 1834714?
False
Is 2666876 a multiple of 506?
False
Is 309217 a multiple of 241?
False
Does 484 divide 16456?
True
Is 81288 a multiple of 36?
True
Is 48 a factor of 717559?
False
Does 2 divide 8316?
True
Is 5 a factor of 352081?
False
Is 8218134 a multiple of 9?
True
Is 434 a factor of 10646454?
True
Does 541 divide 6817078?
False
Is 151 a factor of 44696?
True
Is 247 a factor of 950950?
True
Does 10 divide 250940?
True
Is 292726 a multiple of 98?
True
Does 54 divide 1194756?
False
Does 112 divide 1766016?
True
Does 161 divide 60843?
False
Does 43 divide 899885?
False
Is 133 a factor of 11856012?
False
Is 279 a factor of 460071?
True
Is 18523 even?
False
Does 277 divide 2819306?
True
Is 257265 a multiple of 19?
False
Is 112 a factor of 1332464?
True
Is 1983418 a multiple of 43?
True
Is 836004 a multiple of 138?
True
Is 408 a factor of 443032?
False
Does 7 divide 4039041?
False
Is 11 a factor of 1210594?
True
Does 42 divide 14110033?
False
Does 86 divide 9674054?
True
Is 19556 a multiple of 5?
False
Is 22640698 a multiple of 14?
False
Is 154 a factor of 345580?
False
Is 428 a factor of 338548?
True
Does 60 divide 465240?
True
Is 3176510 a multiple of 79?
False
Does 13 divide 186569?
False
Does 4 divide 1538547?
False
Is 7418502 a multiple of 26?
True
Does 18 divide 1233540?
True
Does 314 divide 2146640?
False
Is 294 a factor of 5936742?
True
Does 143 divide 2506361?
True
Is 169 a factor of 947907?
False
Does 39 divide 28353?
True
Is 100 a factor of 65500?
True
Is 44 a factor of 1567720?
True
Is 803543 a multiple of 662?
False
Is 1543960 a multiple of 220?
True
Is 229571 a multiple of 10?
False
Is 716653 a multiple of 37?
True
Is 57 a factor of 132567?
False
Is 3603108 a multiple of 142?
True
Is 157101 a multiple of 7?
True
Is 8 a factor of 32640?
True
Does 70 divide 171010?
True
Is 164 a factor of 91020?
True
Is 16 a factor of 102544?
True
Does 21 divide 313777?
False
Is 4197000 a multiple of 47?
False
Is 2027 a multiple of 8?
False
Does 114 divide 496798?
False
Is 55 a factor of 52855?
True
Is 403 a factor of 660965?
False
Is 150588 a multiple of 6?
True
Is 5017707 a multiple of 50?
False
Is 27684 a multiple of 9?
True
Is 4960210 a multiple of 10?
True
Does 104 divide 186458?
False
Is 19 a factor of 21470?
True
Is 149184 a multiple of 74?
True
Does 216 divide 639792?
True
Is 7 a factor of 1052289?
True
Is 134214 a multiple of 6?
True
Is 91 a factor of 1646572?
False
Does 1064 divide 6362720?
True
Is 619 a factor of 500771?
True
Is 27 a factor of 341718?
False
Does 46 divide 2579736?
False
Is 37483 a multiple of 21?
False
Is 500 a factor of 21822?
False
Is 104566 a multiple of 61?
False
Does 17 divide 4504439?
True
Is 8250 a multiple of 3?
True
Is 42 a factor of 412?
False
Does 46 divide 28633?
False
Is 360 a factor of 239812?
False
Does 381 divide 932858?
False
Is 21 a factor of 242435?
False
Is 1263415 a multiple of 5?
True
Does 12 divide 3141795?
False
Is 10 a factor of 249300?
True
Is 1453392 a multiple of 9?
True
Is 14 a factor of 9996658?
True
Does 178 divide 4039710?
True
Is 1052511 a multiple of 43?
True
Is 35122 a multiple of 17?
True
Does 38 divide 248558?
True
Is 19 a factor of 364610?
True
Is 756816 a multiple of 12?
True
Is 9627688 a multiple of 56?
True
Does 27 divide 4482081?
True
Is 118 a factor of 283521?
False
Is 230341 a multiple of 349?
False
Is 20 a factor of 364100?
True
Is 150 a factor of 137401?
False
Is 27 a factor of 26595?
True
Is 46 a factor of 133860?
True
Is 129 a factor of 186018?
True
Is 144 a factor of 146736?
True
Does 1563 divide 1256652?
True
Does 139 divide 63199?
False
Does 129 divide 4585065?
False
Is 767730 a multiple of 163?
True
Is 129 a factor of 1289871?
True
Does 583 divide 1940552?
False
Is 40 a factor of 1352080?
True
Is 89 a factor of 85618?
True
Is 2 a factor of 191183?
False
Is 24 a factor of 37632?
True
Is 9658350 a multiple of 975?
True
Is 661 a factor of 575731?
True
Is 555882 a multiple of 26?
False
Is 17257 a multiple of 2?
False
Is 617911 a multiple of 287?
True
Is 1733106 a multiple of 10?
False
Is 43 a factor of 12248241?
False
Is 1120 a factor of 15848578?
False
Does 6 divide 8965956?
True
Is 185 a factor of 995115?
True
Does 188 divide 393108?
True
Is 859063 a multiple of 428?
False
Is 5 a factor of 455888?
False
Is 1225796 a multiple of 62?
False
Does 753 divide 2466747?
False
Is 289219 a multiple of 96?
False
Is 658 a factor of 3599260?
True
Does 299 divide 390930?
False
Does 9 divide 1110510?
True
Is 13 a factor of 2308098?
True
Does 13 divide 55789?
False
Is 362 a factor of 1063298?
False
Does 146 divide 341932?
True
Is 901468 a multiple of 148?
True
Is 157 a factor of 756269?
True
Is 98 a factor of 130144?
True
Is 25 a factor of 1990175?
True
Does 140 divide 8304322?
False
Is 91 a factor of 1053685?
False
Is 7 a factor of 65474?
False
Does 27 divide 247482?
True
Is 18 a factor of 37587?
False
Is 171 a factor of 60363?
True
Is 177004 a multiple of 19?
True
Does 148 divide 315388?
True
Does 22 divide 549648?
True
Is 305 a factor of 1963238?
False
Is 13 a factor of 27339?
True
Does 309 divide 3615918?
True
Is 7 a factor of 14370?
False
Does 6 divide 1153?
False
Does 92 divide 46276?
True
Is 1400224 a multiple of 112?
True
Does 288 divide 7147872?
True
Does 13 divide 3651609?
True
Is 57 a factor of 3313923?
True
Is 2699892 a multiple of 468?
True
Is 1743057 a multiple of 122?
False
Is 123728 a multiple of 836?
True
Is 115294 a multiple of 13?
False
Does 189 divide 96161?
False
Is 320141 a multiple of 232?
False
Is 18 a factor of 428652?
True
Does 9 divide 7591212?
True
Is 301 a factor of 12993759?
False
Is 1183330 a multiple of 6?
False
Is 304083 a multiple of 207?
True
Is 181458 a multiple of 18?
True
Is 209 a factor of 725695?
False
Is 22399 a multiple of 197?
False
Does 7 divide 8764?
True
Does 40 divide 1822373?
False
Is 44000 a multiple of 25?
True
Is 565 a factor of 467255?
True
Does 20 divide 31917?
False
Does 19 divide 25213?
True
Is 734410 a multiple of 208?
False
Is 12877343 a multiple of 131?
False
Is 290714 a multiple of 37?
False
Is 270 a factor of 603850?
False
Does 20 divide 1894040?
True
Is 126 a factor of 113853?
False
Is 357 a factor of 2000985?
True
Is 2283975 a multiple of 527?
False
Is 2063974 a multiple of 46?
True
Is 342 a factor of 2414640?
False
Is 363545 a multiple of 233?
False
Is 123975 a multiple of 18?
False
Does 254 divide 363728?
True
Is 30451 a multiple of 2?
False
Is 13 a factor of 2208933?
False
Does 18 divide 107427?
False
Is 206 a factor of 2085604?
False
Does 447 divide 650832?
True
Is 102 a factor of 35748?
False
Does 6 divide 43368?
True
Is 10357 a multiple of 9?
False
Is 10 a factor of 57140?
True
Is 105 a factor of 600484?
False
Is 72 a factor of 269054?
False
Is 213022 a multiple of 155?
False
Does 21 divide 27255151?
False
Does 55 divide 649990?
True
Does 182 divide 118482?
True
Is 597 a factor of 372007?
False
Is 8253 a multiple of 9?
True
Is 276 a factor of 7956804?
True
Is 59 a factor of 7210573?
False
Is 75 a factor of 6888999?
False
Is 6 a factor of 26037?
False
Does 111 divide 1920411?
True
Is 7 a factor of 125174?
True
Is 7 a factor of 61411?
True
Is 61 a factor of 763903?
True
Is 118522 a multiple of 19?
True
Is 39 a factor of 36575?
False
Is 1684 a factor of 22550444?
True
Does 361 divide 646727?
False
Is 8 a factor of 53787?
False
Is 3986910 a multiple of 9?
True
Does 734 divide 898416?
True
Is 90965 a multiple of 178?
False
Is 504758 a multiple of 23?
True
Is 25 a factor of 246600?
True
Is 530 a factor of 1891843?
False
Is 652955 a multiple of 5?
True
Is 243272 a multiple of 8?
True
Does 9 divide 431461?
False
Is 243 a factor of 6946884?
True
Is 1326920 a multiple of 4?
True
Is 591765 a multiple of 21?
False
Is 1144 a factor of 15202616?
True
Does 59 divide 10856?
True
Is 35 a factor of 452285?
False
Is 56 a factor of 2609096?
True
Is 2912095 a multiple of 727?
False
Is 708804 a multiple of 108?
True
Does 9 divide 23760?
Tr